84991 composite?
True
Is 1348885159 a composite number?
False
Is 6083563061 a composite number?
True
Is 46061966681 a prime number?
True
Is 87989459 prime?
False
Is 21911179229 a composite number?
True
Is 3585442587 prime?
False
Is 18645401153 a prime number?
False
Is 215645328131 prime?
True
Is 333000557569 composite?
False
Is 12291510181 a prime number?
False
Is 511165493 composite?
True
Is 5618636879 composite?
True
Is 8268282431 prime?
False
Is 138320995781 prime?
True
Is 2105553517 prime?
False
Is 5969596267 a composite number?
False
Is 6798288187 composite?
True
Is 39039422287 a prime number?
False
Is 243553410347 prime?
False
Is 38738421385 a composite number?
True
Is 14408812331 a composite number?
False
Is 287924391661 composite?
False
Is 134263427071 prime?
False
Is 41821339253 composite?
False
Is 325698599 a prime number?
True
Is 6532635313 a prime number?
True
Is 2985768917 prime?
True
Is 1469283199 prime?
False
Is 6846468877 composite?
True
Is 1558623559 a prime number?
True
Is 703779431 composite?
False
Is 377838809 prime?
True
Is 8862266291 prime?
True
Is 695912134 a prime number?
False
Is 1476907781 composite?
True
Is 112120621 composite?
False
Is 135298937 a composite number?
True
Is 68614597 composite?
False
Is 17450322041 prime?
False
Is 19201041161 prime?
False
Is 957122479 prime?
True
Is 1596888691 prime?
False
Is 265817207081 a prime number?
False
Is 1568864171 prime?
False
Is 3352035119 a prime number?
False
Is 75482491811 a composite number?
False
Is 14194666561 prime?
True
Is 9422187941 a composite number?
False
Is 7915180613 prime?
True
Is 3553448187 a composite number?
True
Is 430559155795 composite?
True
Is 11953520567 composite?
False
Is 7442036453 composite?
False
Is 3358939147 a prime number?
True
Is 1351730201 composite?
False
Is 768363801 composite?
True
Is 3112160629 a prime number?
False
Is 31886640561 a composite number?
True
Is 40851887 a prime number?
False
Is 700710167 composite?
False
Is 5912299433 a prime number?
False
Is 181769130329 a prime number?
True
Is 2795299957 a composite number?
False
Is 45244048907 a prime number?
False
Is 11374156307 composite?
False
Is 695643251 a prime number?
False
Is 180232811 a prime number?
False
Is 4444073 prime?
False
Is 4605095123 prime?
True
Is 4127001689 composite?
False
Is 697169647 prime?
False
Is 1083958429 prime?
True
Is 77865230909 prime?
False
Is 680909813 prime?
True
Is 5477538527 prime?
False
Is 22204357027 a composite number?
True
Is 10020432977 a composite number?
True
Is 52078911877 composite?
False
Is 434529527 a composite number?
True
Is 539339011 composite?
True
Is 2212279733 a composite number?
False
Is 248394647 prime?
False
Is 14271748949 a prime number?
True
Is 145025431 a prime number?
True
Is 1884287137 a prime number?
False
Is 31207499 a prime number?
True
Is 15152182621 prime?
True
Is 235243005797 a prime number?
True
Is 3430015289 a prime number?
False
Is 7442587049 prime?
True
Is 3748251751 a composite number?
False
Is 220548106981 prime?
True
Is 139676761639 composite?
True
Is 1522095229 composite?
True
Is 5430232733 a composite number?
True
Is 23055182545 composite?
True
Is 6847676711 composite?
True
Is 2191869497 composite?
False
Is 8470587133 a composite number?
False
Is 3090771491 prime?
True
Is 3716720759 a prime number?
False
Is 1135892986 a prime number?
False
Is 900381901 a prime number?
False
Is 7758322681 prime?
False
Is 10438065601 prime?
True
Is 3274538467 a composite number?
True
Is 50300738489 a composite number?
True
Is 797169878 a prime number?
False
Is 1119501781 prime?
True
Is 916594033 composite?
False
Is 693578783 composite?
True
Is 365546863 prime?
False
Is 1761275353 prime?
False
Is 3579907469 composite?
False
Is 84331873 composite?
True
Is 142382041 a composite number?
False
Is 45054293971 a composite number?
False
Is 69399479561 composite?
False
Is 3427609849 a composite number?
False
Is 2171995301 a prime number?
False
Is 105956126197 composite?
True
Is 52277845611 prime?
False
Is 232909399 a composite number?
True
Is 3854831653 a composite number?
True
Is 4105791797 composite?
True
Is 222635858461 a composite number?
False
Is 115206347537 composite?
True
Is 43710898867 composite?
False
Is 69288937 a composite number?
True
Is 985544053 a prime number?
False
Is 409391662 a prime number?
False
Is 50227072157 composite?
True
Is 2815423789 prime?
False
Is 418805129 prime?
False
Is 1805765459 prime?
True
Is 2184487777 composite?
True
Is 34504169237 a composite number?
False
Is 108771573263 a composite number?
True
Is 565018981 a prime number?
False
Is 161141345 a prime number?
False
Is 5454106037 prime?
False
Is 251049164999 a composite number?
False
Is 12310183687 a composite number?
False
Is 1126233929 prime?
True
Is 391886683 a composite number?
False
Is 1449694823 a prime number?
True
Is 1553689897 composite?
True
Is 38311977047 a composite number?
True
Is 398390431 a prime number?
True
Is 19921439123 a composite number?
False
Is 6716183087 a prime number?
True
Is 17639995027 a prime number?
True
Is 14225167262 composite?
True
Is 114789980281 a composite number?
False
Is 103686051977 prime?
False
Is 622638367 a prime number?
False
Is 37799518397 a composite number?
True
Is 2771780689 a composite number?
True
Is 30771383567 a composite number?
True
Is 32961070487 prime?
False
Is 24993576821 composite?
False
Is 1685521531 a prime number?
True
Is 238863407 a composite number?
True
Is 1888479137 composite?
False
Is 2539145681 a composite number?
False
Is 293959621847 composite?
True
Is 28629557921 composite?
True
Is 890645317 a composite number?
True
Is 1373741909 a composite number?
False
Is 2078526899 composite?
True
Is 3267333467 prime?
True
Is 319324289 a prime number?
True
Is 25532365819 a composite number?
True
Is 1094272433 a prime number?
True
Is 2005867399 a prime number?
True
Is 4861651474 a prime number?
False
Is 815903381 a prime number?
True
Is 78754425109 composite?
True
Is 210348788277 composite?
True
Is 88703099 a prime number?
True
Is 909393623 a prime number?
False
Is 45333193 a composite number?
False
Is 4972119583 prime?
False
Is 2444572459 composite?
True
Is 254854741 composite?
False
Is 18579372853 a composite number?
True
Is 1009279217 a composite number?
False
Is 177390244853 a composite number?
True
Is 667293337 composite?
False
Is 7874083823 prime?
False
Is 83613500755 a prime number?
False
Is 436802501 a prime number?
False
Is 1028860877 a composite number?
True
Is 343610657 a composite number?
True
Is 51489199007 a prime number?
True
Is 1410255017 composite?
False
Is 46673911 a composite number?
True
Is 14220144679 a composite number?
True
Is 92001337099 a prime number?
False
Is 578957243 a composite number?
False
Is 261069883 composite?
True
Is 2214811451 a prime number?
False
Is 1202127709 a prime number?
False
Is 48823913 composite?
False
Is 14421256931 a composite number?
False
Is 4287672433 prime?
False
Is 743233273 a composite number?
True
Is 1647551 composite?
False
Is 12856190957 prime?
False
Is 39231269501 prime?
True
Is 1076764459 prime?
False
Is 888728942 a composite number?
True
Is 39406229323 composite?
True
Is 5783426249 composite?
False
Is 2258181413 a prime number?
True
Is 30872479763 composite?
True
Is 7922282365 a composite number?
True
Is 146578193 composite?
True
Is 3139469133 a prime number?
False
Is 21605873755 a composite number?
True
Is 1668148109 composite?
False
Is 5840170849 composite?
True
Is 1207823989 a composite number?
False
Is 213364421 a prime number?
True
Is 1134904747 a composite number?
False
Is 722812637 a composite number?
False
Is 2307951533 a composite number?
False
Is 14884046423 a composite number?
True
Is 35131152139 a composite number?
True
Is 805931809 a prime number?
True
Is 577781437 a prime number?
True
Is 322845893 a prime number?
False
Is 2892419807 a composite number?
False
Is 68957411 prime?
True
Is 6910443877 composite?
False
Is 85087811 a composite number?
False
Is 106966352191 a composite number?
False
Is 2450191259 a composite number?
False
Is 882867655 composite?
True
Is 2093611087 composite?
True
Is 225527969 prime?
True
Is 587720029 prime?
False
Is 30942045857 prime?
True
Is 13388236003 a prime number?
True
Is 264730951 a compos